{"id":408,"date":"2024-02-19T21:56:31","date_gmt":"2024-02-19T21:56:31","guid":{"rendered":"https:\/\/metvaerket.dk\/?page_id=408"},"modified":"2024-03-07T20:31:41","modified_gmt":"2024-03-07T19:31:41","slug":"foreningen","status":"publish","type":"page","link":"https:\/\/metvaerket.dk\/index.php\/foreningen\/","title":{"rendered":"Foreningen"},"content":{"rendered":"\n<h1 class=\"wp-block-heading has-text-align-left is-style-default\">Foreningen MetV\u00e6rket<\/h1>\n\n\n\n<h3 class=\"wp-block-heading\">MetV\u00e6rket er et Netv\u00e6rk for mennesker med uhelbredelig kr\u00e6ft og deres p\u00e5r\u00f8rende.<\/h3>\n\n\n\n<div style=\"height:30px\" aria-hidden=\"true\" class=\"wp-block-spacer\"><\/div>\n\n\n\n<div class=\"wp-block-group alignfull is-layout-flow wp-container-core-group-layout-2 wp-block-group-is-layout-flow\" style=\"margin-top:0px;margin-bottom:0px;padding-top:0px;padding-right:0px;padding-bottom:0px;padding-left:0px\">\n<div class=\"wp-block-columns are-vertically-aligned-center is-layout-flex wp-container-core-columns-layout-1 wp-block-columns-is-layout-flex\">\n<div class=\"wp-block-column is-vertically-aligned-center is-layout-flow wp-block-column-is-layout-flow\" style=\"padding-top:32px;padding-right:32px;padding-bottom:32px;padding-left:32px\">\n<div class=\"wp-block-group is-layout-constrained wp-container-core-group-layout-1 wp-block-group-is-layout-constrained\">\n<h2 class=\"wp-block-heading\">Historie<\/h2>\n\n\n\n<p>Kaffeklubben i Nordjylland blev dannet i 2020 af en gruppe kvinder med uhelbredelig kr\u00e6ft.<\/p>\n\n\n\n<p>Vi kommer fra hele Nordjylland fra Skagen til Hadsund og m\u00f8des til forskellige aktiviteter fx G\u00e5ture og sv\u00f8mning, restaurantbes\u00f8g eller \u201dhjemme hos\u201d arrangementer.<\/p>\n\n\n\n<p>Men erfaringen har vist, at det p\u00e5 et tidspunkt bliver for sv\u00e6rt i k\u00f8re langt for at m\u00f8des. Vi har derfor startet foreningen MetV\u00e6rket, s\u00e5 der kan etableres kaffeklubber\/netv\u00e6rkscaf\u00e9er i flere nordjyske byer (og vi hj\u00e6lper gerne med at starte kaffeklubber \u2013 ogs\u00e5 udenfor Nordjylland)<\/p>\n\n\n\n<p>Netv\u00e6rkscaf\u00e9erne er \u00e5bne for alle kvinder uhelbredelig kr\u00e6ft uanset kr\u00e6fttype (Det er gratis at deltage \u2013 og man beh\u00f8ver ikke v\u00e6re medlem af MetV\u00e6rket)<\/p>\n<\/div>\n<\/div>\n\n\n\n<div class=\"wp-block-column is-vertically-aligned-center has-raft-bg-alt-background-color has-background is-layout-flow wp-block-column-is-layout-flow\" style=\"padding-top:32px;padding-right:32px;padding-bottom:32px;padding-left:32px\">\n<figure class=\"wp-block-image aligncenter size-full\"><img loading=\"lazy\" decoding=\"async\" width=\"1350\" height=\"985\" src=\"https:\/\/metvaerket.dk\/wp-content\/uploads\/2024\/02\/MyFile_Kaffekande_Forside.jpg\" alt=\"\" class=\"wp-image-331\" srcset=\"https:\/\/metvaerket.dk\/wp-content\/uploads\/2024\/02\/MyFile_Kaffekande_Forside.jpg 1350w, https:\/\/metvaerket.dk\/wp-content\/uploads\/2024\/02\/MyFile_Kaffekande_Forside-300x219.jpg 300w, https:\/\/metvaerket.dk\/wp-content\/uploads\/2024\/02\/MyFile_Kaffekande_Forside-1024x747.jpg 1024w, https:\/\/metvaerket.dk\/wp-content\/uploads\/2024\/02\/MyFile_Kaffekande_Forside-768x560.jpg 768w\" sizes=\"(max-width: 1350px) 100vw, 1350px\" \/><\/figure>\n<\/div>\n<\/div>\n<\/div>\n\n\n\n<div class=\"wp-block-group alignwide is-layout-flow wp-block-group-is-layout-flow\">\n<div class=\"wp-block-columns is-layout-flex wp-container-core-columns-layout-2 wp-block-columns-is-layout-flex\">\n<div class=\"wp-block-column has-raft-bg-alt-background-color has-background is-layout-flow wp-container-core-column-layout-3 wp-block-column-is-layout-flow\" style=\"padding-top:var(--wp--preset--spacing--50);padding-right:var(--wp--preset--spacing--50);padding-bottom:var(--wp--preset--spacing--50);padding-left:var(--wp--preset--spacing--50)\">\n<h2 class=\"wp-block-heading\">MetV\u00e6rket<\/h2>\n\n\n\n<p>MetV\u00e6rket (\u201dMet\u201d \u2013 for metastaser)  er et Netv\u00e6rk for mennesker med metastatisk kr\u00e6ft. <\/p>\n\n\n\n<p>Vores mission er:<strong><br>\u2022 At etablere netv\u00e6rksgrupper for mennesker med uhelbredelig kr\u00e6ft.<br>\u2022 At lave aktiviteter til gl\u00e6de og gavn for mennesker med uhelbredelig kr\u00e6ft og deres p\u00e5r\u00f8rende.<\/strong><\/p>\n\n\n\n<p>MetV\u00e6rket drives af ul\u00f8nnede frivillige. Foreningen d\u00e6kker udgifter i forbindelse med aktiviteter, men intet medlem af foreningen m\u00e5 modtage vederlag for det arbejde, de udf\u00f8rer.<\/p>\n\n\n\n<div style=\"height:30px\" aria-hidden=\"true\" class=\"wp-block-spacer\"><\/div>\n\n\n\n<h2 class=\"wp-block-heading\">Landsforeningen<\/h2>\n\n\n\n<p>Vi har valgt at organisere MetV\u00e6rket som en landsforening med en r\u00e6kke Kaffeklubber\/lokalafdelinger.<\/p>\n\n\n\n<p>Form\u00e5let med denne organisationsform er, at det skal v\u00e6re enkelt at etablere nye kaffeklubber og lokalafdelinger.<\/p>\n\n\n\n<figure class=\"wp-block-image size-full\"><img loading=\"lazy\" decoding=\"async\" width=\"1350\" height=\"300\" src=\"https:\/\/metvaerket.dk\/wp-content\/uploads\/2024\/03\/1350_Organisationsdiagram.jpg\" alt=\"\" class=\"wp-image-642\" srcset=\"https:\/\/metvaerket.dk\/wp-content\/uploads\/2024\/03\/1350_Organisationsdiagram.jpg 1350w, https:\/\/metvaerket.dk\/wp-content\/uploads\/2024\/03\/1350_Organisationsdiagram-300x67.jpg 300w, https:\/\/metvaerket.dk\/wp-content\/uploads\/2024\/03\/1350_Organisationsdiagram-1024x228.jpg 1024w, https:\/\/metvaerket.dk\/wp-content\/uploads\/2024\/03\/1350_Organisationsdiagram-768x171.jpg 768w\" sizes=\"(max-width: 1350px) 100vw, 1350px\" \/><\/figure>\n\n\n\n<p>Landsforeningen ledes af en bestyrelse, der er valgt p\u00e5 det \u00e5rlige landsm\u00f8de. Der kan frit neds\u00e6ttes udvalg til at varetage forskellige opgave.<\/p>\n\n\n\n<p>Landsforeningen driver vores hjemmeside og telefonlinje fungerer som kontaktpunkt for MetV\u00e6rket.<\/p>\n\n\n\n<div style=\"height:30px\" aria-hidden=\"true\" class=\"wp-block-spacer\"><\/div>\n\n\n\n<h2 class=\"wp-block-heading\">Lokalafdelinger\/kaffeklubber<\/h2>\n\n\n\n<p>MetV\u00e6rket bist\u00e5r gerne kvinder med at etablere nye kaffeklubber\/lokalafdelinger &#8211; b\u00e5de <strong>i og udenfor Nordjylland<\/strong>.<\/p>\n\n\n\n<p>En kaffeklub best\u00e5r af en gruppe kvinder, der m\u00f8des regelm\u00e6ssigt. Kaffeklubben kan v\u00e6re \u00e5ben\/lukket. Kaffeklubbens medlemmer beh\u00f8ver&nbsp;<strong>ikke<\/strong>&nbsp;v\u00e6re medlemmer af MetV\u00e6rket.<\/p>\n\n\n\n<p>En Lokalafdeling ledes af en bestyrelse p\u00e5 mindst 2 medlemmer, der er valgt p\u00e5 en lokal generalforsamling. <\/p>\n\n\n\n<p>Lokalafdelingen er \u00e5ben for alle mennesker, der er ramt af uhelbredelig kr\u00e6ft i det omr\u00e5de lokalafdelingen d\u00e6kker.<\/p>\n\n\n\n<p>Medlemmer af en lokalafdeling skal v\u00e6re medlem af landforeningen. Men vi har ikke noget \u00f8nske om at tjene penge p\u00e5 at oprette lokalafdelinger, s\u00e5 alle indt\u00e6gter fra en lokalafdeling f\u00f8res tilbage til lokalafdelingen.<\/p>\n\n\n\n<div style=\"height:30px\" aria-hidden=\"true\" class=\"wp-block-spacer\"><\/div>\n\n\n\n<h2 class=\"wp-block-heading\">Referater &amp; Vedt\u00e6gter <\/h2>\n\n\n\n<p>Du kan finde vores vedt\u00e6gter og l\u00e6se referatet fra vores landsm\u00f8de her:<\/p>\n\n\n\n<div class=\"wp-block-buttons is-layout-flex wp-block-buttons-is-layout-flex\">\n<div class=\"wp-block-button is-style-outline\"><a class=\"wp-block-button__link wp-element-button\" href=\"https:\/\/metvaerket.dk\/wp-content\/uploads\/2024\/02\/Vedtaegter-for-MetVaerket.pdf\" target=\"_blank\" rel=\"noreferrer noopener\">Vedt\u00e6gter for MetV\u00e6rket<\/a><\/div>\n\n\n\n<div class=\"wp-block-button is-style-outline\"><a class=\"wp-block-button__link wp-element-button\" href=\"https:\/\/metvaerket.dk\/wp-content\/uploads\/2024\/02\/Vedtaegter-for-Lokalafdelinger-i-MetVaerket.pdf\" target=\"_blank\" rel=\"noreferrer noopener\">Vedt\u00e6gter for Lokalafdeling<\/a><\/div>\n\n\n\n<div class=\"wp-block-button is-style-outline\"><a class=\"wp-block-button__link wp-element-button\" href=\"https:\/\/metvaerket.dk\/wp-content\/uploads\/2024\/02\/DagsordenReferat-15-12-2023.pdf\" target=\"_blank\" rel=\"noreferrer noopener\">Referat fra Landsm\u00f8de<\/a><\/div>\n<\/div>\n<\/div>\n<\/div>\n<\/div>\n\n\n\n<div class=\"wp-block-group alignfull has-raft-fg-alt-color has-raft-accent-background-color has-text-color has-background is-layout-constrained wp-container-core-group-layout-4 wp-block-group-is-layout-constrained\" style=\"margin-top:0px;margin-bottom:0px;padding-top:var(--wp--preset--spacing--80);padding-right:var(--wp--preset--spacing--40);padding-bottom:var(--wp--preset--spacing--80);padding-left:var(--wp--preset--spacing--40)\">\n<h2 class=\"wp-block-heading has-text-align-center has-raft-fg-alt-color has-text-color\">\u201dDe fleste sorger bliver lettere, hvis vi deler og l\u00f8fter i flok!\u201d <\/h2>\n<\/div>\n","protected":false},"excerpt":{"rendered":"<p>Foreningen MetV\u00e6rket MetV\u00e6rket er et Netv\u00e6rk for mennesker med uhelbredelig kr\u00e6ft og deres p\u00e5r\u00f8rende. Historie Kaffeklubben i Nordjylland blev dannet i 2020 af en gruppe kvinder med uhelbredelig kr\u00e6ft. Vi [&hellip;]<\/p>\n","protected":false},"author":1,"featured_media":0,"parent":0,"menu_order":0,"comment_status":"closed","ping_status":"closed","template":"template-plain","meta":{"_EventAllDay":false,"_EventTimezone":"","_EventStartDate":"","_EventEndDate":"","_EventStartDateUTC":"","_EventEndDateUTC":"","_EventShowMap":false,"_EventShowMapLink":false,"_EventURL":"","_EventCost":"","_EventCostDescription":"","_EventCurrencySymbol":"","_EventCurrencyCode":"","_EventCurrencyPosition":"","_EventDateTimeSeparator":"","_EventTimeRangeSeparator":"","_EventOrganizerID":[],"_EventVenueID":[],"_OrganizerEmail":"","_OrganizerPhone":"","_OrganizerWebsite":"","_VenueAddress":"","_VenueCity":"","_VenueCountry":"","_VenueProvince":"","_VenueState":"","_VenueZip":"","_VenuePhone":"","_VenueURL":"","_VenueStateProvince":"","_VenueLat":"","_VenueLng":"","_VenueShowMap":false,"_VenueShowMapLink":false,"footnotes":""},"_links":{"self":[{"href":"https:\/\/metvaerket.dk\/index.php\/wp-json\/wp\/v2\/pages\/408"}],"collection":[{"href":"https:\/\/metvaerket.dk\/index.php\/wp-json\/wp\/v2\/pages"}],"about":[{"href":"https:\/\/metvaerket.dk\/index.php\/wp-json\/wp\/v2\/types\/page"}],"author":[{"embeddable":true,"href":"https:\/\/metvaerket.dk\/index.php\/wp-json\/wp\/v2\/users\/1"}],"replies":[{"embeddable":true,"href":"https:\/\/metvaerket.dk\/index.php\/wp-json\/wp\/v2\/comments?post=408"}],"version-history":[{"count":27,"href":"https:\/\/metvaerket.dk\/index.php\/wp-json\/wp\/v2\/pages\/408\/revisions"}],"predecessor-version":[{"id":691,"href":"https:\/\/metvaerket.dk\/index.php\/wp-json\/wp\/v2\/pages\/408\/revisions\/691"}],"wp:attachment":[{"href":"https:\/\/metvaerket.dk\/index.php\/wp-json\/wp\/v2\/media?parent=408"}],"curies":[{"name":"wp","href":"https:\/\/api.w.org\/{rel}","templated":true}]}}