{"id":561,"date":"2024-02-22T23:16:00","date_gmt":"2024-02-22T22:16:00","guid":{"rendered":"https:\/\/metvaerket.dk\/?page_id=561"},"modified":"2024-03-07T20:20:43","modified_gmt":"2024-03-07T19:20:43","slug":"medlem","status":"publish","type":"page","link":"https:\/\/metvaerket.dk\/index.php\/medlem\/","title":{"rendered":"Medlemskab?"},"content":{"rendered":"\n<h1 class=\"wp-block-heading has-text-align-left is-style-default\">Bliv Medlem af MetV\u00e6rket<\/h1>\n\n\n\n<div style=\"height:30px\" aria-hidden=\"true\" class=\"wp-block-spacer\"><\/div>\n\n\n\n<div class=\"wp-block-group alignwide is-layout-flow wp-block-group-is-layout-flow\">\n<div class=\"wp-block-columns is-layout-flex wp-container-core-columns-layout-2 wp-block-columns-is-layout-flex\">\n<div class=\"wp-block-column has-raft-bg-alt-background-color has-background is-layout-flow wp-container-core-column-layout-2 wp-block-column-is-layout-flow\" style=\"padding-top:var(--wp--preset--spacing--50);padding-right:var(--wp--preset--spacing--50);padding-bottom:var(--wp--preset--spacing--50);padding-left:var(--wp--preset--spacing--50)\">\n<h2 class=\"wp-block-heading\">Aktivt medlemskab<\/h2>\n\n\n\n<p>Som medlemmer i foreningen optages personer, der er ramt af uhelbredelig kr\u00e6ft, deres p\u00e5r\u00f8rende og efterladte.<\/p>\n\n\n\n<h2 class=\"wp-block-heading\"><a>St\u00f8ttemedlemskab<\/a><\/h2>\n\n\n\n<p>Som st\u00f8ttemedlemmer optages enkeltpersoner, organisationer, institutioner samt foreninger som \u00f8nsker at st\u00f8tte foreningens form\u00e5l.<\/p>\n\n\n\n<blockquote class=\"wp-block-quote\">\n<p class=\"has-normal-font-size\"><strong>Alle bidrag fra st\u00f8ttemedlemmer g\u00e5r ubesk\u00e5ret, til at etablere netv\u00e6rksgrupper og lave aktiviteter til gl\u00e6de og gavn for mennesker med uhelbredelig kr\u00e6ft og deres p\u00e5r\u00f8rende.<\/strong><\/p>\n<\/blockquote>\n\n\n\n<div class=\"wp-block-columns is-layout-flex wp-container-core-columns-layout-1 wp-block-columns-is-layout-flex\">\n<div class=\"wp-block-column is-layout-flow wp-block-column-is-layout-flow\"><\/div>\n<\/div>\n\n\n\n<div class=\"wp-block-buttons is-layout-flex wp-block-buttons-is-layout-flex\">\n<div class=\"wp-block-button is-style-outline\"><a class=\"wp-block-button__link wp-element-button\" href=\"https:\/\/metvaerket.dk\/index.php\/indmeldelse\/\"><strong>G\u00e5 til indmeldelsesformularen <\/strong><\/a><\/div>\n<\/div>\n\n\n\n<h2 class=\"wp-block-heading\"><a>Kontingent<\/a><\/h2>\n\n\n\n<ul>\n<li>Der betales <strong>minimum<\/strong> 50 kr. pr \u00e5r i kontingent. <\/li>\n\n\n\n<li>Virksomheder, som \u00f8nsker et link p\u00e5 vores hjemmeside, betaler <strong>minimum<\/strong> 200 kr. pr \u00e5r. <\/li>\n\n\n\n<li><strong>Det er muligt at tegne st\u00f8tte medlemskab for 1 \u00e5r.<\/strong><\/li>\n<\/ul>\n\n\n\n<h2 class=\"wp-block-heading\"><a>Kontingent<\/a>fritagelse<\/h2>\n\n\n\n<p>Mange der bliver ramt af uhelbredelig kr\u00e6ft bliver ogs\u00e5 ramt \u00f8konomisk. <\/p>\n\n\n\n<p>Men A<strong>lle <\/strong>skal kunne v\u00e6re med i  MetV\u00e6rket. <\/p>\n\n\n\n<p>Aktive medlemmer (medlemmer der er ramt af metastatisk kr\u00e6ft) kan derfor f\u00e5 kontingentfritagelse.<\/p>\n\n\n\n<h2 class=\"wp-block-heading\">Udmeldelse<\/h2>\n\n\n\n<p>Ved St\u00f8ttemedlemskab tegnet for en et\u00e5rig periode sker udmeldelse automatisk. For alle andre medlemskaber sendes en e-mail til kontakt@metv\u00e6erket.dk ( med overskriften udmeldelse )<\/p>\n\n\n\n<h2 class=\"wp-block-heading\"><a><strong>Nyhedsbrev<\/strong><\/a><\/h2>\n\n\n\n<p>Vores prim\u00e6re opgave er, at lave aktiviteter for mennesker med uhelbredelig kr\u00e6ft, men vi vil tilstr\u00e6be, at udsende nyhedsbrev 2 gange \u00e5rligt.<\/p>\n<\/div>\n<\/div>\n<\/div>\n\n\n\n<div class=\"wp-block-group alignfull has-raft-fg-alt-color has-raft-accent-background-color has-text-color has-background is-layout-constrained wp-container-core-group-layout-2 wp-block-group-is-layout-constrained\" style=\"margin-top:0px;margin-bottom:0px;padding-top:var(--wp--preset--spacing--80);padding-right:var(--wp--preset--spacing--40);padding-bottom:var(--wp--preset--spacing--80);padding-left:var(--wp--preset--spacing--40)\">\n<h2 class=\"wp-block-heading has-text-align-center has-raft-fg-alt-color has-text-color\">\u201dHvis du vil g\u00e5 hurtigt, skal du g\u00e5 alene, hvis du vil langt, skal du g\u00e5 sammen.\u201d <\/h2>\n<\/div>\n","protected":false},"excerpt":{"rendered":"<p>Bliv Medlem af MetV\u00e6rket Aktivt medlemskab Som medlemmer i foreningen optages personer, der er ramt af uhelbredelig kr\u00e6ft, deres p\u00e5r\u00f8rende og efterladte. St\u00f8ttemedlemskab Som st\u00f8ttemedlemmer optages enkeltpersoner, organisationer, institutioner samt [&hellip;]<\/p>\n","protected":false},"author":1,"featured_media":0,"parent":0,"menu_order":0,"comment_status":"closed","ping_status":"closed","template":"template-plain","meta":{"_EventAllDay":false,"_EventTimezone":"","_EventStartDate":"","_EventEndDate":"","_EventStartDateUTC":"","_EventEndDateUTC":"","_EventShowMap":false,"_EventShowMapLink":false,"_EventURL":"","_EventCost":"","_EventCostDescription":"","_EventCurrencySymbol":"","_EventCurrencyCode":"","_EventCurrencyPosition":"","_EventDateTimeSeparator":"","_EventTimeRangeSeparator":"","_EventOrganizerID":[],"_EventVenueID":[],"_OrganizerEmail":"","_OrganizerPhone":"","_OrganizerWebsite":"","_VenueAddress":"","_VenueCity":"","_VenueCountry":"","_VenueProvince":"","_VenueState":"","_VenueZip":"","_VenuePhone":"","_VenueURL":"","_VenueStateProvince":"","_VenueLat":"","_VenueLng":"","_VenueShowMap":false,"_VenueShowMapLink":false,"footnotes":""},"_links":{"self":[{"href":"https:\/\/metvaerket.dk\/index.php\/wp-json\/wp\/v2\/pages\/561"}],"collection":[{"href":"https:\/\/metvaerket.dk\/index.php\/wp-json\/wp\/v2\/pages"}],"about":[{"href":"https:\/\/metvaerket.dk\/index.php\/wp-json\/wp\/v2\/types\/page"}],"author":[{"embeddable":true,"href":"https:\/\/metvaerket.dk\/index.php\/wp-json\/wp\/v2\/users\/1"}],"replies":[{"embeddable":true,"href":"https:\/\/metvaerket.dk\/index.php\/wp-json\/wp\/v2\/comments?post=561"}],"version-history":[{"count":38,"href":"https:\/\/metvaerket.dk\/index.php\/wp-json\/wp\/v2\/pages\/561\/revisions"}],"predecessor-version":[{"id":683,"href":"https:\/\/metvaerket.dk\/index.php\/wp-json\/wp\/v2\/pages\/561\/revisions\/683"}],"wp:attachment":[{"href":"https:\/\/metvaerket.dk\/index.php\/wp-json\/wp\/v2\/media?parent=561"}],"curies":[{"name":"wp","href":"https:\/\/api.w.org\/{rel}","templated":true}]}}